 - 6*v + 36. Let d = 441 - 263. Calculate the remainder when d is divided by v.
16
Let h = 541 - 519. Let f(z) be the first derivative of -87*z**2/2 - z + 2. Calculate the remainder when f(-1) is divided by h.
20
Suppose 2*m + 1240 = 52*m + 440. Suppose -2*q - 2*q + 108 = 0. What is the remainder when q is divided by m?
11
Let f be 442/5 + (-6)/15. Suppose 4*u - 240 = f. Let v = -21 - -42. What is the remainder when u is divided by v?
19
Let p(h) = -41*h - 70. What is the remainder when p(-4) is divided by 19?
18
Let n = -4 + 28. Calculate the remainder when (-110)/(-12) - (-4)/n*-1 is divided by 3.
0
Let b be (1 - 6/10) + (-366)/15. Let p(l) = l**3 + 24*l**2 + 22. What is the remainder when p(b) is divided by 6?
4
Let f = -19 - -39. Let o = f - 10. What is the remainder when 28 is divided by o?
8
Suppose 4*b - 3*b + 11 = 3*u, 4*b = -u - 5. Suppose 0*c = 3*c + 24. Let s = 1 - c. Calculate the remainder when s is divided by u.
0
Let l be (1/(-3))/(17/(-714)). Let v(t) = -t + 3. Let c(g) = -1. Let i(d) = 2*c(d) - v(d). What is the remainder when 35 is divided by i(l)?
8
Let w = -1882 + 1938. What is the remainder when 277 is divided by w?
53
Let b(r) = -r**2 + 9*r + 20. Let v be b(10). Suppose -3*z = -3*t, -2*t - 2*z - z + v = 0. What is the remainder when 7 is divided by t?
1
Let l(m) = m**3 - 6*m**2 + 5*m - 12. Let s be l(5). What is the remainder when 14/s*3*-4 is divided by 4?
2
What is the remainder when 97 - ((-4)/(-18) - (-325)/117) is divided by 14?
10
Suppose -3*m - t + 18 = 0, -2*t - 3*t + 24 = 4*m. Suppose -h = -m*h + 180. Let a = -12 - -31. Calculate the remainder when h is divided by a.
17
Suppose -4*r = -0*r - 20. Let j = 40 - 42. Let q = j + 21. Calculate the remainder when q is divided by r.
4
Suppose 0 = 6*g - 19*g + 663. Calculate the remainder when g is divided by 26.
25
Suppose 255 + 95 = -7*n. Let l = n + 60. What is the remainder when (1*-4)/((-4)/38) is divided by l?
8
Suppose -36*u + 320 = -400. Let x(s) = 9*s**2 + 1. Calculate the remainder when x(2) is divided by u.
17
Let o(k) = k**3 - k**2 + 4. Calculate the remainder when (-2146)/(-185)*5/(-4)*-6 is divided by o(3).
21
Let v(h) = 9*h - 140. What is the remainder when 34 is divided by v(17)?
8
Let q(c) be the first derivative of -c**3/3 + 13*c**2/2 + 5*c - 7. What is the remainder when 104 is divided by q(10)?
34
What is the remainder when 34 is divided by -2 + (-4 - -17 - 6) + 17?
12
Suppose 6*d - 225 = -9*d. Suppose -5*j = -13 + 3. Suppose -4*a + 118 = -j*a. What is the remainder when a is divided by d?
14
Let b = 22 + -7. What is the remainder when 867 is divided by b?
12
Suppose 2*w + 0*w - 390 = 4*s, -5*w - 312 = 3*s. Let v = s - -181. What is the remainder when v is divided by 21?
19
Let c be 377/(-5) - 12/(-30). Let t = c - -93. Calculate the remainder when 71 is divided by t.
17
Suppose 11 = -a - 5*y, 2*y = y - 2. Let x be 13*a*5/5. Let j(h) = -5*h - 30. What is the remainder when 138 is divided by j(x)?
33
Let o = 130 - 183. Let v = -31 - o. Let l = 32 - v. What is the remainder when 19 is divided by l?
9
Let g(m) = -2*m**2 + m - 8. Let t be g(0). Calculate the remainder when 13 is divided by (609/12)/7 - (-2)/t.
6
Let k(s) = -5*s**2. Let y be k(-1). Let q = y + 64. Let d = -42 + q. What is the remainder when d is divided by 6?
5
Let p(g) = 5*g**3 - 13*g**2 + 3*g - 18. Let x(h) = 4*h**3 - 12*h**2 + 2*h - 17. Let i(u) = -5*p(u) + 6*x(u). What is the remainder when i(-7) is divided by 2?
1
Let t(l) = l**2 + 3*l + 8. Let q(o) = -2*o**2 + 2. Let w be q(-2). Suppose -153 = -36*b + b + 92. Calculate the remainder when t(w) is divided by b.
5
Let d be (-3)/24*-4 + 18/(-4). Calculate the remainder when (-90)/d - (-155)/62 is divided by 10.
5
Let w = -7 + 29. Let m be (-34 + 0)*(-6)/12. Let t = 29 - m. Calculate the remainder when w is divided by t.
10
Let o = -13 - -52. What is the remainder when o is divided by (16/(-8))/(5/(-20))?
7
Let g be (2/3)/((-10)/(-45)). What is the remainder when 874/10 - ((-56)/(-20))/7 is divided by 63/(-14)*(-20)/g?
27
Let s(a) = -a**3 - 8*a**2 + 6*a - 10. Let f be -3 - (38 + -3)*-1. Let q = 23 - f. What is the remainder when 31 is divided by s(q)?
14
Suppose 365*d + 650 = 366*d. What is the remainder when d is divided by 109?
105
Suppose 0 = 2*u + 45 - 15. Let h = 23 + u. What is the remainder when 30 is divided by 19 - (-4)/(h/(-6))?
14
Let i(r) = -687*r**3 + r**2 - r - 1. Let b be i(-1). Suppose -2*h = 6*h - b. What is the remainder when h is divided by 24?
14
Let s be (-37)/((-1 + 2)/(-2)). Suppose -3*f + s = -31. What is the remainder when f is divided by 18?
17
Let j(i) = 2*i. Let w = 114 - 49. Calculate the remainder when w is divided by j(7).
9
Let p(h) = h**3 - 15*h**2 + 7*h + 13. Let u be p(14). Let i = u + 145. What is the remainder when i is divided by 16?
12
Let p(j) = -35*j - 617. Suppose 13 = g + 3. What is the remainder when p(-19) is divided by g?
8
Let p(t) = t + 10. Let i be p(-8). Calculate the remainder when (2/i)/(3/63) is divided by 6.
3
Suppose -b + 4*g + 31 = -0*g, 4*b + 4*g - 24 = 0. What is the remainder when b is divided by 5?
1
Suppose -p + 148 = 3*p + 3*y, 3*y + 56 = 2*p. Let v = -1 - -12. What is the remainder when p is divided by v/1 + (2 - 1)?
10
Let l(b) = -b**2 + 5 - 2*b - 4 - 9*b + 15. Let h be l(-12). Suppose 60 = -p + h*p. Calculate the remainder when 78 is divided by p.
18
Let k = -2 + 69. Suppose -5*i + k = y - 0*y, y - 63 = -3*i. What is the remainder when y is divided by (-3)/(-9) + (-44)/(-3)?
12
Let q(a) = a**2 + a + 8. Let f(y) = 3*y**2 + 24*y - 4. Let m be f(-8). Calculate the remainder when q(m) is divided by 11.
9
Let h(y) = y**2 - y + 2. Let d be (-52)/(-20) + (-6)/10. What is the remainder when 14 is divided by h(d)?
2
Suppose -2*v = d - 92, 21*d + v = 23*d - 184. What is the remainder when d is divided by 24?
20
Let o = -8 - -6. What is the remainder when ((-30)/(-25))/(6/15) is divided by -3 + 3 + o/(-1)?
1
Let a(l) = l**2 + 4*l - 7. Let v be a(-5). Let g(t) = t**3 + t**2 - 2*t. Let q be g(v). Calculate the remainder when 7 is divided by -1 + (16 + q)/4.
1
Let t = 1306 + -1266. What is the remainder when 192 is divided by t?
32
Suppose 5*r + s - 1260 = 0, -443 = -2*r - 4*s + 79. What is the remainder when r is divided by 11?
9
Suppose 12*w + 125 = 5*t + 7*w, 5*t + 4*w - 152 = 0. Let z = -24 - -161. Calculate the remainder when z is divided by t.
25
Let k(g) = -2*g**3 - 26*g**2 + 27*g + 4. Let z be k(-14). Calculate the remainder when 0 - -4 - 9/(z/(-52)) is divided by 11.
8
Let z = -1990 + 4409. Suppose z = -15*p + 6694. Calculate the remainder when p is divided by 41.
39
Let b(k) = -4*k**3 + k**2 - k. Let w be b(1). Calculate the remainder when (11/2)/(5/10) is divided by (2 - 13/5)/(w/40).
5
Let m be 2/2 - 6 - -8. Let w(i) = -i**2 + 6*i - 6. Suppose 2*n - 4*n - 2*r + 8 = 0, 0 = -2*n + 2*r. What is the remainder when w(m) is divided by n?
1
Let p = 247 - 440. Let r = p - -228. What is the remainder when r is divided by (-2 - 1*-1)*-18?
17
Suppose 0 = -67*d + 2457 + 960. Calculate the remainder when 180 is divided by d.
27
Let b(y) = -88*y + 401. What is the remainder when 83 is divided by b(4)?
34
Let b = -80 + 83. Let t(f) = -f**3 + 5*f**2 + 4*f + 2. Calculate the remainder when t(b) is divided by 18.
14
Let v(f) = 5*f**2 + f - 8. Let k be v(-3). Suppose g + 3*s - k - 1 = 0, -3*s = -12. What is the remainder when 113 is divided by g?
21
Let o = -475 - -518. What is the remainder when 111 is divided by o?
25
Suppose 2*i = 3 + 5. Suppose -2*z + 60 = i*z. Calculate the remainder when 77 is divided by z.
7
Suppose 5*d + 25 = 0, -2*x = -2*d - 17 + 1. Suppose 90 = x*n - 3*c, n + 2*n - 4*c = 85. What is the remainder when 3 is divided by (-14)/n - (-14)/10?
0
Suppose -5*p = -0*p - 4*x - 22, 0 = -p - 3*x - 7. What is the remainder when 78 is divided by (19 - -2) + p - 3?
18
Let j = -63 - 59. Let n be (j/(-4))/((-14)/(-28)). Let t = n + -13. Calculate the remainder when t is divided by 17.
14
Suppose 8 - 20 = -6*x. Suppose 2*o + 6 = 2*u, u = -2*o - x*o - 2. Calculate the remainder when 11 is divided by u.
1
Let k(u) = 7*u - 66. What is the remainder when 447 is divided by k(12)?
15
Let v be (-10)/(1*(-4)/8). What is the remainder when (13/(-2))/((-5)/v) is divided by 2/7 + (-732)/(-84)?
